nder when 12 is divided by g.
0
Suppose -2*j - 7*j + 153 = 0. Suppose 8*l + j = 89. Calculate the remainder when 26 is divided by l.
8
Let h(l) = -4*l**2 + 121*l + 235. What is the remainder when h(31) is divided by 37?
31
Let z(n) = 679*n - 2697. Calculate the remainder when 8093 is divided by z(4).
18
Let n = 162 - -6. Calculate the remainder when n is divided by ((-611)/(-65) - 10)*-95.
54
Let m = 70 + -67. Suppose 2*o + m*j + 2 = 0, -3*j = -j + 8. Suppose -o*b = b - 732. Calculate the remainder when b is divided by 42.
38
Let h = -3170 + 3229. Calculate the remainder when 1769 is divided by h.
58
Suppose -b - 3*b + 23 = 3*v, 12 = -4*b + 4*v. Suppose 0 = -4*h - h + 95. Calculate the remainder when ((-665)/(-38))/(b/4) is divided by h.
16
Suppose -4*m + f + 5 = -63, 3*m = f + 52. Calculate the remainder when 2508 is divided by m.
12
Let f = -115 - -304. What is the remainder when f is divided by 55?
24
Suppose -a + 17 = 2*w, 9 = w - a - 7. Calculate the remainder when 44 is divided by (-4 - (-5 - 4)) + w.
12
Let s(c) = -42*c**2 - 200*c + 46. Calculate the remainder when 1372 is divided by s(-4).
154
Suppose -4*x - 48 = -4*m, -5*m + 2*x + 0 + 66 = 0. What is the remainder when 524*5/50 - 3/(-5) is divided by m?
11
Suppose 960 = 9*j - 17*j. Calculate the remainder when 57 is divided by (13/4 + 2)/((-30)/j).
15
Let o = 215 + -210. What is the remainder when 25 is divided by o?
0
What is the remainder when (478/(-6) + 3 + (-14)/3)*-3 is divided by 132?
112
Suppose 55*j - 150991 - 45524 = 0. What is the remainder when j is divided by 12?
9
Let i(h) = -h**2 + 11*h - 7. Suppose 4*v - 2 = -5*w + 17, 8 = -2*v. Let o = 16 - 4. What is the remainder when i(w) is divided by o?
9
Let l = 22 + 95. Suppose l*c = 110*c + 189. What is the remainder when c is divided by 19?
8
What is the remainder when (-16)/4 + (-10)/(-6 - 1920/(-321)) is divided by 26?
11
Let n(d) = -3 - 3 + 16 - 2 + 0*d + d. Calculate the remainder when (-40)/(-2) - (4 - 4) is divided by n(3).
9
Let a(l) be the second derivative of 1/20*l**5 - 18*l + 15*l**2 + 1/6*l**3 + 13/12*l**4 + 0. Calculate the remainder when a(-13) is divided by 7.
3
Suppose 2*g + 12 = -3*p, -5*p + 10*p = 5*g - 20. Suppose g = -22*j + 60*j - 5282. Calculate the remainder when j is divided by 20.
19
Suppose 3613 = 5*m + 6*s, 0 = m + 5*s - 474 - 241. Calculate the remainder when m is divided by 33.
32
Let n(p) = -119*p**2 - 845*p - 8. Calculate the remainder when (1 - 0/2)*759 is divided by n(-7).
75
Suppose -42*r + 161 = -19*r. Let a(q) = -q**3 - 7*q**2 - 8*q - 6. Let f be a(-6). Suppose f*z - 455 = -r*z. Calculate the remainder when 101 is divided by z.
31
Suppose 25*c - 6834 + 2384 = 0. Calculate the remainder when c is divided by 10.
8
Suppose 8449 = -44*n + 61*n. What is the remainder when n is divided by 233?
31
Let t be 8*4/((-48)/162). Let j(l) = -l**2 - 3*l + 1. Calculate the remainder when t/144 - (1 + (-30)/8) is divided by j(-3).
0
Let z = -5282 + 6721. What is the remainder when z is divided by 53?
8
Let a(c) = -20*c + 115. Let w be a(8). What is the remainder when ((-63)/w)/((-4)/(-280)) is divided by 12?
2
Suppose 63*a - 16505 = -158*a + 48248. What is the remainder when a is divided by 144?
5
Let j be ((-2)/(-4)*-2)/(-3)*-6. What is the remainder when (-2688)/(-30) + ((-52)/20 - j) is divided by 13?
11
Suppose 34*k = -47 + 251. Let y(n) = -n**3 + 11*n**2 - 15*n + 1. Let p(r) = 31*r**3 + r**2 - r. What is the remainder when y(k) is divided by p(1)?
29
Let u = -3540 + 3568. What is the remainder when 231 is divided by u?
7
Suppose 78 = -f + 5*f + 3*t, 3*f + 4*t = 55. Suppose 0*y = -2*y + 4. Let s(m) = 15*m**2 - 2*m - 1. What is the remainder when s(y) is divided by f?
13
Suppose 607 - 220 = 43*j. Suppose -4*w - 40 = -10*g + j*g, 4*g - 5*w = 193. What is the remainder when g is divided by 5?
2
Let i(f) = 70*f - 3021. Calculate the remainder when 653 is divided by i(44).
4
Suppose -682 = -3*s - 5*f, -1 = -112*f + 113*f. Calculate the remainder when s is divided by 42.
19
Let u = 7411 + -6443. Calculate the remainder when u is divided by 330.
308
Let k(h) = h**2 + 44*h + 148. Let c be k(-18). Let l = c - -379. Calculate the remainder when l is divided by 12.
11
Let t be (-4 - 0)*11/22 - -4. Suppose -2*m + 538 = 5*j, 12*m + t*j = 15*m - 788. What is the remainder when m is divided by 53?
52
Let g = -16979 - -17075. What is the remainder when 391 is divided by g?
7
Suppose 2*o + 1346 - 1368 = 0. Let v be (-1)/((4/(-158))/(-2)). Let h = 221 + v. What is the remainder when h is divided by o?
10
Suppose j - 24*a = -25*a + 1971, -2*j + 3*a + 3912 = 0. Calculate the remainder when j is divided by 7.
5
Let f be ((-8)/14)/((-56)/196). Suppose -n - c + 1253 = 2*n, -2*c = f*n - 830. What is the remainder when n is divided by 60?
59
Suppose -28*l - 19*l + 8883 = -26*l. Calculate the remainder when 430 is divided by l.
7
Suppose -4*j + 2322 = 4*o - 27122, -2*o - 4*j + 14720 = 0. What is the remainder when o is divided by 10?
2
What is the remainder when (0 + 381/12)*4 is divided by (-93)/(-3) + 72/6?
41
Suppose 90 = 3*o - 72. Let t be o/(-1 - (-2 + 2)). Let q = t - -76. What is the remainder when 83 is divided by q?
17
Let m(f) = -f**3 - f**2 - f + 1. Let z(y) = 4*y**3 - 3*y**2 + 3*y - 13. Let w(p) = -3*m(p) - z(p). What is the remainder when 57 is divided by w(6)?
7
Let q(w) = 3*w**2 + 16*w + 40. Let g be q(-3). Suppose 0 = f + 2*h, 5*h + 4 = -5*f + g. Calculate the remainder when (72 - 2)*4/10 is divided by f.
4
Suppose -2*h = -426 - 672. Let k(n) = n**3 - 20*n**2 + 28*n - 549. Calculate the remainder when h is divided by k(20).
10
Let x(t) = -2*t**2 - 6*t + 10. Let m be x(-4). Suppose m*z + 3*z + 5*p = 325, -265 = -4*z + p. Calculate the remainder when 201 is divided by z.
3
Suppose -321 = 22*j + 31. What is the remainder when ((-30)/2)/(12/j) is divided by 3?
2
Suppose l - 6139 = -5*c, -4*c - 148*l + 4910 = -146*l. Calculate the remainder when c is divided by 322.
262
Let b = 14 + 10. Let p(v) = 3035*v - 48468. Calculate the remainder when p(16) is divided by b.
20
Let c = 193 - 21. Let l = -59 + c. What is the remainder when l is divided by 23?
21
Let f(x) = -x**3 - 2*x**2 - x - 39. Let r be f(5). Let z = r - -230. Calculate the remainder when 129 is divided by z.
8
Suppose -2*h = -p - 11 - 14, 5*h = 5*p + 75. Let t be 5 + (-48)/h + (-9619)/(-5). Calculate the remainder when (8/(-14))/(-2) - t/(-28) is divided by 24.
21
Suppose 3*c = -3*y - 450, -3*y - 503 + 49 = -c. Let w = y - -229. What is the remainder when w is divided by 41?
37
Let a = 69 - 37. Suppose 16*p + 6 - 70 = 0. What is the remainder when a is divided by -2 + p + (1 - -14)?
15
Let l = 1379 + -1357. Calculate the remainder when 1318 is divided by l.
20
Suppose 156068 = 30*a + 12*a + 2*a. What is the remainder when a is divided by 71?
68
Suppose -1030 = -40*d + 30*d. Let f = 179 - d. Calculate the remainder when f is divided by 35.
6
Let j = -59 + 64. Suppose -4*s = j*t - 386, 5*t - 4*s = 41 + 313. Let f = t + -69. Calculate the remainder when 21 is divided by f.
1
Let h(w) = 92*w - 22. Let a be h(7). Suppose -5*g - u = -g - a, 2*g + u - 310 = 0. Suppose -159*i = -g*i - 93. Calculate the remainder when i is divided by 22.
9
Let p(c) = c**2 - 44*c + 117. Let t be p(28). Let u = -254 - t. What is the remainder when u is divided by 4?
1
Let g be 3 + -10*6/4. Let m(l) = l**3 + 11*l**2 - 13*l - 3. Calculate the remainder when 28 is divided by m(g).
1
Let m(w) = -63*w**2. Let f be m(-1). Let b = f - -66. Let p = -3 - -9. What is the remainder when p is divided by b?
0
What is the remainder when 733 is divided by (4488/16)/(-17)*4/(-6)?
7
Suppose -372 = -29*t + 17*t. What is the remainder when t is divided by 6?
1
Let y be 18/7 - ((-144)/42 - -4). Suppose y*s = 3*s - 43. Calculate the remainder when s is divided by 15.
13
Suppose 771*o = 763*o + 6472. What is the remainder when o is divided by 35?
4
Let s be (-1 + 0 + 100)/1. Suppose -19*y = -81*y. Suppose -7*l + 223 + s = y. What is the remainder when l is divided by 10?
6
Suppose 7*s - 468 = 3*s. What is the remainder when s is divided by 219/(-146) - (-70)/4?
5
Suppose -8 = -4*u - 3*a + 15, 4*a = u - 1. Let g = -1253 - -1327. Suppose -u*o + g = -1. What is the remainder when 71 is divided by o?
11
Let